)). Calculate the highest common divisor of s and p.
3
Let n be (-20)/(-8)*(-12)/(-15). Let b be 6/(-2) - -9*n. Let c be (-2 - 22/(-8))*8. Calculate the greatest common factor of c and b.
3
Let w = -18 - -31. What is the greatest common factor of w and 117?
13
Let s(x) = -x**2 - 10*x - 5. Let w be s(-8). Calculate the highest common divisor of w and 99.
11
Suppose -5*k + 0*k = -10. Suppose 0*j + 3*x + 32 = k*j, 0 = x + 4. What is the highest common factor of j and 25?
5
Suppose 37 - 226 = -7*k. Calculate the greatest common factor of 18 and k.
9
Suppose p = -p - 2. Let z be (p - (-2 - -3)) + 12. Let v = 40 - z. What is the greatest common factor of v and 20?
10
Let o(c) = -c - 3. Let t be o(-4). Suppose -t = n - 4. Let i = n - -1. What is the highest common divisor of i and 20?
4
Let o = 6 + -2. Let r be (-14)/(-5) - o/(-20). What is the highest common divisor of r and 1?
1
Suppose 3*o - 7*o + 780 = 0. Let b be 2/(-3)*o/(-10). Suppose 5*i + 2*t + 126 = 581, -2*i - 2*t + 182 = 0. Calculate the highest common divisor of i and b.
13
Let m(s) = s - 5. Let h be m(8). Let i = h - 3. Let d be (3 + 2)*(i - -1). Calculate the greatest common factor of d and 45.
5
Let s be ((-207)/12)/(-3) - 6/(-24). What is the greatest common factor of s and 36?
6
Suppose -4*i + 2*i = -52. What is the highest common divisor of i and 208?
26
Suppose -5*a = 3*a - 640. Calculate the highest common divisor of a and 120.
40
Suppose -3*v + 67 = a, -6*v - 4*a - 47 = -9*v. Calculate the greatest common divisor of v and 7.
7
Let k be (-7)/(21/(-2))*195. Suppose k = 5*x - 5. Calculate the greatest common factor of x and 9.
9
Suppose 4*l - l = 0. Suppose 4 = 3*s - s. Suppose l = -2*n - 4*r + 8, -3*n - s*r + 18 = -n. What is the greatest common divisor of n and 56?
14
Suppose -16 = 4*p - 2*y, y = -0*y. Let x be 330/27 + p/18. Calculate the greatest common factor of x and 8.
4
Let s be (-100)/(-12)*(-12)/(-10). What is the highest common divisor of s and 10?
10
Let t = 10 + -5. Suppose -4*w = -t*w + 2. Let j be 8/(-3)*(-3 - 0). Calculate the greatest common divisor of w and j.
2
Let i be (4 - 4)/2 + 2. Calculate the highest common factor of 3 and i.
1
Suppose 5 = 5*f - 10. Let h = f - 2. Let d be -2 + (1 - h - -15). Calculate the highest common factor of 104 and d.
13
Let n = -86 - -156. What is the highest common divisor of 14 and n?
14
Suppose 3 + 19 = 2*p. Calculate the greatest common divisor of p and 77.
11
Let b = -16 + 31. Suppose -h = 3*h - 540. What is the highest common divisor of h and b?
15
Suppose v = 16 + 48. Calculate the highest common factor of v and 48.
16
Let u(v) = -15*v - 5. Suppose x + 8 + 1 = 0. Let k be u(x). What is the highest common factor of k and 26?
26
Suppose 8 = -0*b + 2*b. Suppose 4*i = 3*t + 164, 2*i + b*t = 29 + 75. What is the greatest common divisor of 66 and i?
22
Let q be ((-2)/6)/(9/(-81)) + 17. Let s = 55 + -16. Let u = s - q. Calculate the highest common divisor of u and 209.
19
Suppose 4*r = 2*r + 12. Suppose -c = c - r. Suppose 2*x - 1 = -7, -t - c*x = 3. What is the highest common divisor of 15 and t?
3
Let g be 15/5*4/6. Let t be 10 - 0/(1 + g). Let y = t + 2. What is the greatest common divisor of 24 and y?
12
Suppose -3*d + 3*a + 120 = 7*a, -d + 32 = 4*a. Calculate the greatest common factor of 4 and d.
4
Let p be ((-4)/10)/((-1)/60). Let a be -6*4/p*-4. What is the greatest common factor of 28 and a?
4
Suppose 0 = 3*g - 2*k + 10, 0*g = -g + 5*k - 25. Suppose 7*s - 3*s + 5*v = 65, g = 4*s + 2*v - 74. Calculate the highest common factor of s and 5.
5
Let s be (-2)/3 - (-1900)/15. What is the highest common divisor of s and 14?
14
Let r be -2 + 2/(2/13). Let h(f) = -f + 7. Let y be h(5). Let t be 174/2 + y/2. What is the greatest common divisor of r and t?
11
Let z(w) = 71*w**2 + w. Let f be z(1). Let m be 36/(-14)*(0 + -7). Calculate the greatest common factor of m and f.
18
Let p = 180 - 116. Calculate the greatest common factor of 8 and p.
8
Let i(w) = -4*w**2 + 4*w + 2. Let r be i(5). Let j = 63 + 57. Let k = r + j. Calculate the highest common factor of k and 28.
14
Let f be (-3 - -3 - -1) + -2. Let v be ((-4)/(-12))/(f/(-9)). What is the greatest common factor of 27 and v?
3
Let j = -25 - -32. Calculate the highest common factor of 1 and j.
1
Let c = -28 - -7. Let o = 54 + c. Let t be 40/15 + 1/3. What is the greatest common factor of o and t?
3
Suppose -15 - 31 = -2*y. Suppose m = 3 + 10. Let p = y - m. Calculate the highest common divisor of p and 10.
10
Suppose 8*h - 81 = -1. Suppose -8 + 53 = 3*i. Calculate the greatest common divisor of i and h.
5
Let s = -23 - -14. Let m be (6/s)/(6/(-27)). Calculate the highest common factor of m and 24.
3
Let i(k) = 45*k - 1. Let z be i(1). What is the greatest common factor of z and 11?
11
Let x(o) = -38*o - 42. Let p be x(-3). Calculate the greatest common divisor of p and 16.
8
Suppose 9*q = 189 + 378. Calculate the greatest common divisor of 45 and q.
9
Let g = 215 + -143. What is the greatest common divisor of 9 and g?
9
Let n be (75/(-10))/(6/(-8)). Suppose 4*g - 4 = -0*g. Calculate the highest common divisor of g and n.
1
Let p be 3*((-10)/(-3) + -2). Let s = -7 - -7. Suppose -h = 4*h + 5*l - 205, 5*h - 5*l - 235 = s. Calculate the highest common factor of h and p.
4
Let t = 11 - 3. Suppose 7 + t = 5*q. Calculate the greatest common factor of 3 and q.
3
Suppose 2*l + 102 = 4*s, 39 = -2*s + 3*s + 4*l. Calculate the highest common divisor of 9 and s.
9
Suppose 5*l - 792 = 4*c, l = 2*c - 3*c + 162. What is the greatest common factor of l and 32?
32
Let u(q) = q**3 - q**2 - 2*q + 2. Let w be u(2). Calculate the highest common divisor of 8 and w.
2
Let b(u) = 5*u + 20. Let l be b(10). Calculate the highest common factor of l and 42.
14
Let a = -81 - -153. What is the greatest common divisor of a and 48?
24
Let k be 10*(0 - (0/2 - 3)). Calculate the highest common divisor of 150 and k.
30
Suppose 4*r - 3*m - 8 = -m, 5*m = 2*r - 4. Suppose r*u + 4*o = 12, -2*o - o = 3*u - 27. What is the greatest common factor of u and 12?
12
Suppose -3*k + 14 = 5, -2*n + 411 = -3*k. Calculate the greatest common factor of n and 30.
30
Let m(c) be the third derivative of c**6/120 - c**5/30 + c**4/6 - 3*c**3/2 - 7*c**2. Let l be m(7). What is the greatest common factor of l and 24?
24
Let s(f) be the first derivative of f**3/3 - f**2/2 - 3*f + 1. Let p be s(3). Let d be ((-10)/(-3))/(1/p). Calculate the greatest common divisor of d and 60.
10
Let v = 4 + -11. Let s(k) = k + 9. Let f be s(v). Let a(d) = -d**3 + 4*d**2 - d - 4. Let c be a(3). What is the highest common factor of f and c?
2
Let p be (-3)/(-6)*2/1. Let h = p - 3. Let t be 1 - h - (0 - -1). What is the greatest common divisor of 2 and t?
2
Suppose 5*v - 175 = 815. Suppose 0 = -2*s - 2*g + 40, g + 28 = 3*s - 40. Calculate the greatest common factor of v and s.
22
Let v(r) = r**3 + 6*r**2 - 3*r - 3. Let s be v(-6). What is the highest common factor of s and 15?
15
Let y = -4 - -5. Let m = -85 - -86. What is the greatest common divisor of y and m?
1
Let h be (-5)/((-20)/64) + 2. What is the greatest common divisor of h and 18?
18
Let i(j) = j**3 + 17*j**2 + 13*j - 14. Let r be i(-16). What is the highest common factor of r and 153?
17
Suppose -a - 10 - 2 = 0. Let j be (1 + a)*1/(-1). Suppose 13 = 2*p - 31. What is the greatest common factor of p and j?
11
Let c be (836/33)/((-4)/(-6)). Calculate the greatest common divisor of 152 and c.
38
Let v(u) = -u**2 - 30*u - 18. Let s be v(-29). Calculate the highest common factor of s and 55.
11
Let p(l) = -l**3 - 5*l**2 + 11*l + 9. Let g be p(-7). Suppose 2*c - g = -3*c. What is the highest common factor of 2 and c?
2
Suppose 8*r - 3*r = -10. Let t be (-10)/r - (5 + -2). What is the greatest common factor of t and 3?
1
Let p(u) = -u + 9. Let f = -15 - -8. Let a be p(f). What is the greatest common factor of 144 and a?
16
Let t(g) = 13*g**2. Let w be t(2). Calculate the highest common factor of w and 78.
26
Suppose 14 = 2*b - 0*b. What is the greatest common factor of 1 and b?
1
Suppose -2*s - 3*s = 0. Suppose s = -w + 6*w - 15. Suppose 0 = r + w*r - 8. What is the highest common factor of r and 2?
2
Let t(g) = -g**2 - 13*g - 14. Let z be t(-6). Let l = 10 - 6. Suppose -2*y - 8 = n - 24, -l = -2*y + 5